on divisor of 3973335 and 195?
15
What is the highest common divisor of 45 and 2122866?
9
What is the greatest common factor of 152781899 and 571?
571
What is the highest common factor of 268 and 3881424?
4
What is the greatest common divisor of 2080 and 141050?
130
What is the highest common factor of 137235473 and 566?
283
What is the highest common divisor of 1972425 and 17?
17
What is the greatest common factor of 9340371 and 3177?
9
What is the greatest common factor of 8 and 134881888?
8
What is the greatest common divisor of 45925 and 206533910?
9185
Calculate the highest common factor of 442464 and 1632.
96
What is the highest common divisor of 410769 and 54?
9
What is the highest common divisor of 112 and 200978?
2
Calculate the highest common divisor of 653574 and 72.
6
Calculate the greatest common factor of 9003127 and 121849.
721
What is the highest common divisor of 88172815 and 5243?
107
Calculate the highest common divisor of 128151 and 5940.
9
What is the greatest common factor of 99 and 13787397?
9
What is the highest common factor of 41489631 and 207?
207
What is the highest common factor of 587309736 and 65?
13
What is the greatest common divisor of 128048300 and 73638?
8182
What is the greatest common divisor of 173800465 and 5?
5
What is the highest common divisor of 391609 and 1501?
19
Calculate the greatest common factor of 158006 and 1998159.
199
Calculate the highest common divisor of 57023430 and 15.
15
Calculate the highest common divisor of 1754028 and 9536.
596
Calculate the greatest common factor of 2576 and 968784.
16
Calculate the greatest common factor of 7533940 and 185740.
740
What is the highest common divisor of 14938 and 901033?
679
Calculate the greatest common factor of 6243504 and 156.
12
What is the greatest common divisor of 30 and 13817470?
10
What is the greatest common factor of 71136816 and 4464?
1488
What is the greatest common factor of 32298 and 20093970?
4614
Calculate the greatest common divisor of 38 and 1866769.
19
What is the highest common divisor of 14680 and 95895265?
1835
Calculate the greatest common factor of 7709 and 11820269.
593
Calculate the highest common divisor of 451647 and 15075.
603
What is the highest common factor of 19291 and 1200053?
191
Calculate the greatest common factor of 614 and 56802675.
307
What is the highest common factor of 308 and 1340507168?
308
What is the greatest common divisor of 1431608845 and 17170?
8585
Calculate the greatest common divisor of 62 and 1196674152.
62
Calculate the highest common factor of 115 and 508078027.
23
Calculate the highest common divisor of 5040 and 4610760.
840
What is the greatest common divisor of 110 and 50864110?
110
What is the greatest common factor of 3830 and 1257115?
5
Calculate the highest common divisor of 4132681188 and 454.
454
Calculate the highest common factor of 2692 and 89305754.
1346
Calculate the greatest common factor of 746463258 and 18.
18
What is the greatest common divisor of 176 and 577204048?
16
Calculate the greatest common divisor of 2779 and 2811157.
397
What is the highest common divisor of 4084 and 74842363?
1021
What is the highest common factor of 1920 and 382304?
32
What is the greatest common divisor of 114337 and 502551?
2659
Calculate the highest common factor of 6435 and 3231540.
585
Calculate the greatest common divisor of 1173648 and 46011.
147
Calculate the greatest common factor of 85 and 5614573.
17
Calculate the highest common divisor of 311973 and 23.
1
Calculate the greatest common factor of 1247 and 87030305.
29
Calculate the greatest common divisor of 964438 and 251714.
254
What is the highest common factor of 171 and 621490?
19
What is the greatest common factor of 63 and 20777897?
7
Calculate the greatest common divisor of 18671089 and 216045.
4801
What is the greatest common divisor of 1899191 and 22939?
791
What is the greatest common divisor of 1314836 and 12?
4
Calculate the highest common divisor of 310 and 65341955.
155
Calculate the greatest common factor of 5029080 and 2072.
56
What is the greatest common factor of 986177077 and 47?
47
What is the greatest common divisor of 371440 and 290?
10
What is the highest common factor of 12541339 and 141?
47
What is the greatest common factor of 3716 and 23761?
1
What is the highest common divisor of 13110 and 155742810?
570
Calculate the greatest common factor of 1343 and 1397111.
17
Calculate the greatest common divisor of 285 and 2063190.
15
What is the greatest common divisor of 928 and 241463584?
32
Calculate the highest common divisor of 455096 and 93888.
1304
Calculate the greatest common divisor of 16074 and 517611.
141
Calculate the greatest common factor of 184535348 and 940.
188
Calculate the highest common divisor of 633409 and 286139.
287
What is the highest common factor of 38675 and 1663900?
175
What is the highest common factor of 557669 and 97637?
599
Calculate the greatest common factor of 219168 and 846.
18
What is the highest common factor of 113806 and 4774?
154
What is the greatest common divisor of 117 and 57202613?
13
What is the highest common factor of 1273 and 14969207?
1273
What is the highest common factor of 2046 and 25545147?
93
Calculate the highest common factor of 2620190 and 66670.
590
Calculate the greatest common factor of 124073883 and 28676.
7169
What is the greatest common divisor of 51781839 and 6?
3
Calculate the greatest common divisor of 290465 and 28810.
215
Calculate the highest common factor of 915 and 26171013.
183
What is the greatest common divisor of 8803571 and 14?
7
Calculate the highest common factor of 8074 and 214610957.
4037
Calculate the greatest common factor of 7437848 and 924.
44
Calculate the highest common divisor of 13380 and 138126200.
4460
What is the highest common divisor of 12679632 and 224?
112
Calculate the greatest common divisor of 4806 and 92745.
27
What is the greatest common factor of 191759133 and 1513?
1513
Calculate the highest common factor of 1298250 and 324.
18
Calculate the highest common divisor of 116 and 61341554.
58
Calculate the highest common factor of 75124908 and 10206.
1458
Calculate the highest common factor of 22 and 37564538.
22
What is the highest common divisor of 297632 and 51404?
284
Calculate the highest common divisor of 228805 and 988920.
335
Calculate the highest common factor of 2581830 and 3270.
30
Calculate the greatest common factor of 1649544 and 19227.
663
What is the highest common divisor of 16959488 and 1024?
1024
What is the highest common divisor of 923 and 8653906?
71
Calculate the greatest common factor of 225129060 and 13156.
1196
What is the greatest common divisor of 1076998479 and 7141?
7141
Calculate the greatest common divisor of 20 and 199752980.
20
Calculate the highest common factor of 2034 and 629604.
18
Calculate the highest common factor of 11347836 and 11252.
388
Calculate the greatest common divisor of 402 and 18928974.
402
Calculate the greatest common factor of 132107079 and 100425.
4017
What is the highest common divisor of 262490000 and 5?
5
Calculate the greatest common divisor of 600738 and 17169.
177
Calculate the highest common factor of 22106 and 338170.
14
Calculate the highest common divisor of 74752 and 744.
8
Calculate the highest common factor of 8672 and 3267236704.
8672
Calculate the greatest common divisor of 83463379 and 148.
37
What is the highest common factor of 3450 and 62557125?
1725
What is the highest common divisor of 709277279 and 181?
181
Calculate the greatest common divisor of 16592 and 13959728.
976
What is the greatest common factor of 1605 and 7318158?
321
What is the greatest common divisor of 133 and 331573237?
19
What is the greatest common divisor of 91 and 2522912?
7
What is the greatest common factor of 5682963 and 1404?
39
What is the highest common factor of 12238266 and 1530?
102
What is the highest common factor of 12723615 and 54?
27
What is the greatest common divisor of 4654923 and 194208?
6069
What is the highest common factor of 1711980 and 13180?
20
Calculate the greatest common factor of 551248 and 64.
16
Calculate the highest common divisor of 1092 and 228884.
4
What is the highest common factor of 3185655 and 2970?
165
What is the greatest co